{"id":47,"date":"2022-02-24T01:53:28","date_gmt":"2022-02-24T00:53:28","guid":{"rendered":"https:\/\/modellflug.edelweiss-goetzens.com\/?page_id=47"},"modified":"2022-03-02T09:14:29","modified_gmt":"2022-03-02T08:14:29","slug":"simprop-selection-17m","status":"publish","type":"page","link":"https:\/\/modellflug.edelweiss-goetzens.com\/?page_id=47","title":{"rendered":"Simprop Selection 1,7m"},"content":{"rendered":"\n<p>Simprop Hotliner Brushless &#8211; breites Geschwindigkeitsspektrum fliegt von ganz langsam bis sehr schnell<\/p>\n\n\n\n<p>Top Motorisierung geht mit 3s senkrecht &#8211; mit hochgestellten Querrudern ganz einfach zu landen<\/p>\n\n\n\n<p>Servostecker Tragfl\u00e4che MPX vergossen siehe Bild.<\/p>\n\n\n\n<figure class=\"wp-block-image size-large\"><img loading=\"lazy\" decoding=\"async\" width=\"1024\" height=\"768\" src=\"http:\/\/modellflug.edelweiss-goetzens.com\/wp-content\/uploads\/2022\/03\/IMG_8074-1024x768.jpeg\" alt=\"\" class=\"wp-image-114\" srcset=\"https:\/\/modellflug.edelweiss-goetzens.com\/wp-content\/uploads\/2022\/03\/IMG_8074-1024x768.jpeg 1024w, https:\/\/modellflug.edelweiss-goetzens.com\/wp-content\/uploads\/2022\/03\/IMG_8074-300x225.jpeg 300w, https:\/\/modellflug.edelweiss-goetzens.com\/wp-content\/uploads\/2022\/03\/IMG_8074-768x576.jpeg 768w, https:\/\/modellflug.edelweiss-goetzens.com\/wp-content\/uploads\/2022\/03\/IMG_8074-1536x1152.jpeg 1536w, https:\/\/modellflug.edelweiss-goetzens.com\/wp-content\/uploads\/2022\/03\/IMG_8074-1320x990.jpeg 1320w, https:\/\/modellflug.edelweiss-goetzens.com\/wp-content\/uploads\/2022\/03\/IMG_8074-600x450.jpeg 600w, https:\/\/modellflug.edelweiss-goetzens.com\/wp-content\/uploads\/2022\/03\/IMG_8074.jpeg 1600w\" sizes=\"auto, (max-width: 1024px) 100vw, 1024px\" \/><\/figure>\n\n\n\n<p>Ausstattung:<\/p>\n\n\n\n<figure class=\"wp-block-table\"><table><tbody><tr><td>Motor<\/td><td>sehr starker Brushless Aussenl\u00e4ufer (von Staufenbiel Epsilon)<\/td><\/tr><tr><td>Regler<\/td><td>Brushless BEC Turnigy 40A<\/td><\/tr><tr><td>Spinner<\/td><td>Aeronaut Turbo Spinner (K\u00fchlung durch Spinner)<\/td><\/tr><tr><td>Luftschraube<\/td><td>Aeronaut Klapp 12 x 8<\/td><\/tr><tr><td>Servos<\/td><td>3x 2xQuer + 1xH\u00f6he (glaube Hitec HS82-MG)<\/td><\/tr><tr><td>Empf\u00e4nger<\/td><td>Simprop AR400<\/td><\/tr><tr><td>Akku<\/td><td>3s 2200mAh &#8211; 3000mAh<\/td><\/tr><tr><td>Fl\u00e4chentaschen<\/td><td>Styrodur selbst gemacht<\/td><\/tr><\/tbody><\/table><\/figure>\n\n\n\n<figure class=\"wp-block-gallery has-nested-images columns-default is-cropped wp-block-gallery-1 is-layout-flex wp-block-gallery-is-layout-flex\">\n<figure class=\"wp-block-image size-large\"><img loading=\"lazy\" decoding=\"async\" width=\"1200\" height=\"1600\" data-id=\"122\" src=\"http:\/\/modellflug.edelweiss-goetzens.com\/wp-content\/uploads\/2022\/03\/IMG_8066.jpeg\" alt=\"\" class=\"wp-image-122\" srcset=\"https:\/\/modellflug.edelweiss-goetzens.com\/wp-content\/uploads\/2022\/03\/IMG_8066.jpeg 1200w, https:\/\/modellflug.edelweiss-goetzens.com\/wp-content\/uploads\/2022\/03\/IMG_8066-225x300.jpeg 225w, https:\/\/modellflug.edelweiss-goetzens.com\/wp-content\/uploads\/2022\/03\/IMG_8066-768x1024.jpeg 768w, https:\/\/modellflug.edelweiss-goetzens.com\/wp-content\/uploads\/2022\/03\/IMG_8066-1152x1536.jpeg 1152w, https:\/\/modellflug.edelweiss-goetzens.com\/wp-content\/uploads\/2022\/03\/IMG_8066-600x800.jpeg 600w\" sizes=\"auto, (max-width: 1200px) 100vw, 1200px\" \/><\/figure>\n\n\n\n<figure class=\"wp-block-image size-large\"><img loading=\"lazy\" decoding=\"async\" width=\"1200\" height=\"1600\" data-id=\"115\" src=\"http:\/\/modellflug.edelweiss-goetzens.com\/wp-content\/uploads\/2022\/03\/IMG_8073.jpeg\" alt=\"\" class=\"wp-image-115\" srcset=\"https:\/\/modellflug.edelweiss-goetzens.com\/wp-content\/uploads\/2022\/03\/IMG_8073.jpeg 1200w, https:\/\/modellflug.edelweiss-goetzens.com\/wp-content\/uploads\/2022\/03\/IMG_8073-225x300.jpeg 225w, https:\/\/modellflug.edelweiss-goetzens.com\/wp-content\/uploads\/2022\/03\/IMG_8073-768x1024.jpeg 768w, https:\/\/modellflug.edelweiss-goetzens.com\/wp-content\/uploads\/2022\/03\/IMG_8073-1152x1536.jpeg 1152w, https:\/\/modellflug.edelweiss-goetzens.com\/wp-content\/uploads\/2022\/03\/IMG_8073-600x800.jpeg 600w\" sizes=\"auto, (max-width: 1200px) 100vw, 1200px\" \/><\/figure>\n\n\n\n<figure class=\"wp-block-image size-large\"><img loading=\"lazy\" decoding=\"async\" width=\"1200\" height=\"1600\" data-id=\"128\" src=\"http:\/\/modellflug.edelweiss-goetzens.com\/wp-content\/uploads\/2022\/03\/IMG_8060.jpeg\" alt=\"\" class=\"wp-image-128\" srcset=\"https:\/\/modellflug.edelweiss-goetzens.com\/wp-content\/uploads\/2022\/03\/IMG_8060.jpeg 1200w, https:\/\/modellflug.edelweiss-goetzens.com\/wp-content\/uploads\/2022\/03\/IMG_8060-225x300.jpeg 225w, https:\/\/modellflug.edelweiss-goetzens.com\/wp-content\/uploads\/2022\/03\/IMG_8060-768x1024.jpeg 768w, https:\/\/modellflug.edelweiss-goetzens.com\/wp-content\/uploads\/2022\/03\/IMG_8060-1152x1536.jpeg 1152w, https:\/\/modellflug.edelweiss-goetzens.com\/wp-content\/uploads\/2022\/03\/IMG_8060-600x800.jpeg 600w\" sizes=\"auto, (max-width: 1200px) 100vw, 1200px\" \/><\/figure>\n\n\n\n<figure class=\"wp-block-image size-large\"><img loading=\"lazy\" decoding=\"async\" width=\"1200\" height=\"1600\" data-id=\"126\" src=\"http:\/\/modellflug.edelweiss-goetzens.com\/wp-content\/uploads\/2022\/03\/IMG_8062.jpeg\" alt=\"\" class=\"wp-image-126\" srcset=\"https:\/\/modellflug.edelweiss-goetzens.com\/wp-content\/uploads\/2022\/03\/IMG_8062.jpeg 1200w, https:\/\/modellflug.edelweiss-goetzens.com\/wp-content\/uploads\/2022\/03\/IMG_8062-225x300.jpeg 225w, https:\/\/modellflug.edelweiss-goetzens.com\/wp-content\/uploads\/2022\/03\/IMG_8062-768x1024.jpeg 768w, https:\/\/modellflug.edelweiss-goetzens.com\/wp-content\/uploads\/2022\/03\/IMG_8062-1152x1536.jpeg 1152w, https:\/\/modellflug.edelweiss-goetzens.com\/wp-content\/uploads\/2022\/03\/IMG_8062-600x800.jpeg 600w\" sizes=\"auto, (max-width: 1200px) 100vw, 1200px\" \/><\/figure>\n\n\n\n<figure class=\"wp-block-image size-large\"><img loading=\"lazy\" decoding=\"async\" width=\"1200\" height=\"1600\" data-id=\"127\" src=\"http:\/\/modellflug.edelweiss-goetzens.com\/wp-content\/uploads\/2022\/03\/IMG_8061.jpeg\" alt=\"\" class=\"wp-image-127\" srcset=\"https:\/\/modellflug.edelweiss-goetzens.com\/wp-content\/uploads\/2022\/03\/IMG_8061.jpeg 1200w, https:\/\/modellflug.edelweiss-goetzens.com\/wp-content\/uploads\/2022\/03\/IMG_8061-225x300.jpeg 225w, https:\/\/modellflug.edelweiss-goetzens.com\/wp-content\/uploads\/2022\/03\/IMG_8061-768x1024.jpeg 768w, https:\/\/modellflug.edelweiss-goetzens.com\/wp-content\/uploads\/2022\/03\/IMG_8061-1152x1536.jpeg 1152w, https:\/\/modellflug.edelweiss-goetzens.com\/wp-content\/uploads\/2022\/03\/IMG_8061-600x800.jpeg 600w\" sizes=\"auto, (max-width: 1200px) 100vw, 1200px\" \/><\/figure>\n\n\n\n<figure class=\"wp-block-image size-large\"><img loading=\"lazy\" decoding=\"async\" width=\"1200\" height=\"1600\" data-id=\"129\" src=\"http:\/\/modellflug.edelweiss-goetzens.com\/wp-content\/uploads\/2022\/03\/IMG_8059.jpeg\" alt=\"\" class=\"wp-image-129\" srcset=\"https:\/\/modellflug.edelweiss-goetzens.com\/wp-content\/uploads\/2022\/03\/IMG_8059.jpeg 1200w, https:\/\/modellflug.edelweiss-goetzens.com\/wp-content\/uploads\/2022\/03\/IMG_8059-225x300.jpeg 225w, https:\/\/modellflug.edelweiss-goetzens.com\/wp-content\/uploads\/2022\/03\/IMG_8059-768x1024.jpeg 768w, https:\/\/modellflug.edelweiss-goetzens.com\/wp-content\/uploads\/2022\/03\/IMG_8059-1152x1536.jpeg 1152w, https:\/\/modellflug.edelweiss-goetzens.com\/wp-content\/uploads\/2022\/03\/IMG_8059-600x800.jpeg 600w\" sizes=\"auto, (max-width: 1200px) 100vw, 1200px\" \/><\/figure>\n\n\n\n<figure class=\"wp-block-image size-large\"><img loading=\"lazy\" decoding=\"async\" width=\"1200\" height=\"1600\" data-id=\"125\" src=\"http:\/\/modellflug.edelweiss-goetzens.com\/wp-content\/uploads\/2022\/03\/IMG_8063.jpeg\" alt=\"\" class=\"wp-image-125\" srcset=\"https:\/\/modellflug.edelweiss-goetzens.com\/wp-content\/uploads\/2022\/03\/IMG_8063.jpeg 1200w, https:\/\/modellflug.edelweiss-goetzens.com\/wp-content\/uploads\/2022\/03\/IMG_8063-225x300.jpeg 225w, https:\/\/modellflug.edelweiss-goetzens.com\/wp-content\/uploads\/2022\/03\/IMG_8063-768x1024.jpeg 768w, https:\/\/modellflug.edelweiss-goetzens.com\/wp-content\/uploads\/2022\/03\/IMG_8063-1152x1536.jpeg 1152w, https:\/\/modellflug.edelweiss-goetzens.com\/wp-content\/uploads\/2022\/03\/IMG_8063-600x800.jpeg 600w\" sizes=\"auto, (max-width: 1200px) 100vw, 1200px\" \/><\/figure>\n\n\n\n<figure class=\"wp-block-image size-large\"><img loading=\"lazy\" decoding=\"async\" width=\"1600\" height=\"1200\" data-id=\"124\" src=\"http:\/\/modellflug.edelweiss-goetzens.com\/wp-content\/uploads\/2022\/03\/IMG_8064.jpeg\" alt=\"\" class=\"wp-image-124\" srcset=\"https:\/\/modellflug.edelweiss-goetzens.com\/wp-content\/uploads\/2022\/03\/IMG_8064.jpeg 1600w, https:\/\/modellflug.edelweiss-goetzens.com\/wp-content\/uploads\/2022\/03\/IMG_8064-300x225.jpeg 300w, https:\/\/modellflug.edelweiss-goetzens.com\/wp-content\/uploads\/2022\/03\/IMG_8064-1024x768.jpeg 1024w, https:\/\/modellflug.edelweiss-goetzens.com\/wp-content\/uploads\/2022\/03\/IMG_8064-768x576.jpeg 768w, https:\/\/modellflug.edelweiss-goetzens.com\/wp-content\/uploads\/2022\/03\/IMG_8064-1536x1152.jpeg 1536w, https:\/\/modellflug.edelweiss-goetzens.com\/wp-content\/uploads\/2022\/03\/IMG_8064-1320x990.jpeg 1320w, https:\/\/modellflug.edelweiss-goetzens.com\/wp-content\/uploads\/2022\/03\/IMG_8064-600x450.jpeg 600w\" sizes=\"auto, (max-width: 1600px) 100vw, 1600px\" \/><\/figure>\n\n\n\n<figure class=\"wp-block-image size-large\"><img loading=\"lazy\" decoding=\"async\" width=\"1600\" height=\"1200\" data-id=\"123\" src=\"http:\/\/modellflug.edelweiss-goetzens.com\/wp-content\/uploads\/2022\/03\/IMG_8065.jpeg\" alt=\"\" class=\"wp-image-123\" srcset=\"https:\/\/modellflug.edelweiss-goetzens.com\/wp-content\/uploads\/2022\/03\/IMG_8065.jpeg 1600w, https:\/\/modellflug.edelweiss-goetzens.com\/wp-content\/uploads\/2022\/03\/IMG_8065-300x225.jpeg 300w, https:\/\/modellflug.edelweiss-goetzens.com\/wp-content\/uploads\/2022\/03\/IMG_8065-1024x768.jpeg 1024w, https:\/\/modellflug.edelweiss-goetzens.com\/wp-content\/uploads\/2022\/03\/IMG_8065-768x576.jpeg 768w, https:\/\/modellflug.edelweiss-goetzens.com\/wp-content\/uploads\/2022\/03\/IMG_8065-1536x1152.jpeg 1536w, https:\/\/modellflug.edelweiss-goetzens.com\/wp-content\/uploads\/2022\/03\/IMG_8065-1320x990.jpeg 1320w, https:\/\/modellflug.edelweiss-goetzens.com\/wp-content\/uploads\/2022\/03\/IMG_8065-600x450.jpeg 600w\" sizes=\"auto, (max-width: 1600px) 100vw, 1600px\" \/><\/figure>\n\n\n\n<figure class=\"wp-block-image size-large\"><img loading=\"lazy\" decoding=\"async\" width=\"1200\" height=\"1600\" data-id=\"121\" src=\"http:\/\/modellflug.edelweiss-goetzens.com\/wp-content\/uploads\/2022\/03\/IMG_8067.jpeg\" alt=\"\" class=\"wp-image-121\" srcset=\"https:\/\/modellflug.edelweiss-goetzens.com\/wp-content\/uploads\/2022\/03\/IMG_8067.jpeg 1200w, https:\/\/modellflug.edelweiss-goetzens.com\/wp-content\/uploads\/2022\/03\/IMG_8067-225x300.jpeg 225w, https:\/\/modellflug.edelweiss-goetzens.com\/wp-content\/uploads\/2022\/03\/IMG_8067-768x1024.jpeg 768w, https:\/\/modellflug.edelweiss-goetzens.com\/wp-content\/uploads\/2022\/03\/IMG_8067-1152x1536.jpeg 1152w, https:\/\/modellflug.edelweiss-goetzens.com\/wp-content\/uploads\/2022\/03\/IMG_8067-600x800.jpeg 600w\" sizes=\"auto, (max-width: 1200px) 100vw, 1200px\" \/><\/figure>\n\n\n\n<figure class=\"wp-block-image size-large\"><img loading=\"lazy\" decoding=\"async\" width=\"1200\" height=\"1600\" data-id=\"120\" src=\"http:\/\/modellflug.edelweiss-goetzens.com\/wp-content\/uploads\/2022\/03\/IMG_8068.jpeg\" alt=\"\" class=\"wp-image-120\" srcset=\"https:\/\/modellflug.edelweiss-goetzens.com\/wp-content\/uploads\/2022\/03\/IMG_8068.jpeg 1200w, https:\/\/modellflug.edelweiss-goetzens.com\/wp-content\/uploads\/2022\/03\/IMG_8068-225x300.jpeg 225w, https:\/\/modellflug.edelweiss-goetzens.com\/wp-content\/uploads\/2022\/03\/IMG_8068-768x1024.jpeg 768w, https:\/\/modellflug.edelweiss-goetzens.com\/wp-content\/uploads\/2022\/03\/IMG_8068-1152x1536.jpeg 1152w, https:\/\/modellflug.edelweiss-goetzens.com\/wp-content\/uploads\/2022\/03\/IMG_8068-600x800.jpeg 600w\" sizes=\"auto, (max-width: 1200px) 100vw, 1200px\" \/><\/figure>\n\n\n\n<figure class=\"wp-block-image size-large\"><img loading=\"lazy\" decoding=\"async\" width=\"1600\" height=\"1200\" data-id=\"119\" src=\"http:\/\/modellflug.edelweiss-goetzens.com\/wp-content\/uploads\/2022\/03\/IMG_8069.jpeg\" alt=\"\" class=\"wp-image-119\" srcset=\"https:\/\/modellflug.edelweiss-goetzens.com\/wp-content\/uploads\/2022\/03\/IMG_8069.jpeg 1600w, https:\/\/modellflug.edelweiss-goetzens.com\/wp-content\/uploads\/2022\/03\/IMG_8069-300x225.jpeg 300w, https:\/\/modellflug.edelweiss-goetzens.com\/wp-content\/uploads\/2022\/03\/IMG_8069-1024x768.jpeg 1024w, https:\/\/modellflug.edelweiss-goetzens.com\/wp-content\/uploads\/2022\/03\/IMG_8069-768x576.jpeg 768w, https:\/\/modellflug.edelweiss-goetzens.com\/wp-content\/uploads\/2022\/03\/IMG_8069-1536x1152.jpeg 1536w, https:\/\/modellflug.edelweiss-goetzens.com\/wp-content\/uploads\/2022\/03\/IMG_8069-1320x990.jpeg 1320w, https:\/\/modellflug.edelweiss-goetzens.com\/wp-content\/uploads\/2022\/03\/IMG_8069-600x450.jpeg 600w\" sizes=\"auto, (max-width: 1600px) 100vw, 1600px\" \/><\/figure>\n\n\n\n<figure class=\"wp-block-image size-large\"><img loading=\"lazy\" decoding=\"async\" width=\"1600\" height=\"1200\" data-id=\"118\" src=\"http:\/\/modellflug.edelweiss-goetzens.com\/wp-content\/uploads\/2022\/03\/IMG_8070.jpeg\" alt=\"\" class=\"wp-image-118\" srcset=\"https:\/\/modellflug.edelweiss-goetzens.com\/wp-content\/uploads\/2022\/03\/IMG_8070.jpeg 1600w, https:\/\/modellflug.edelweiss-goetzens.com\/wp-content\/uploads\/2022\/03\/IMG_8070-300x225.jpeg 300w, https:\/\/modellflug.edelweiss-goetzens.com\/wp-content\/uploads\/2022\/03\/IMG_8070-1024x768.jpeg 1024w, https:\/\/modellflug.edelweiss-goetzens.com\/wp-content\/uploads\/2022\/03\/IMG_8070-768x576.jpeg 768w, https:\/\/modellflug.edelweiss-goetzens.com\/wp-content\/uploads\/2022\/03\/IMG_8070-1536x1152.jpeg 1536w, https:\/\/modellflug.edelweiss-goetzens.com\/wp-content\/uploads\/2022\/03\/IMG_8070-1320x990.jpeg 1320w, https:\/\/modellflug.edelweiss-goetzens.com\/wp-content\/uploads\/2022\/03\/IMG_8070-600x450.jpeg 600w\" sizes=\"auto, (max-width: 1600px) 100vw, 1600px\" \/><\/figure>\n\n\n\n<figure class=\"wp-block-image size-large\"><img loading=\"lazy\" decoding=\"async\" width=\"1200\" height=\"1600\" data-id=\"117\" src=\"http:\/\/modellflug.edelweiss-goetzens.com\/wp-content\/uploads\/2022\/03\/IMG_8071.jpeg\" alt=\"\" class=\"wp-image-117\" srcset=\"https:\/\/modellflug.edelweiss-goetzens.com\/wp-content\/uploads\/2022\/03\/IMG_8071.jpeg 1200w, https:\/\/modellflug.edelweiss-goetzens.com\/wp-content\/uploads\/2022\/03\/IMG_8071-225x300.jpeg 225w, https:\/\/modellflug.edelweiss-goetzens.com\/wp-content\/uploads\/2022\/03\/IMG_8071-768x1024.jpeg 768w, https:\/\/modellflug.edelweiss-goetzens.com\/wp-content\/uploads\/2022\/03\/IMG_8071-1152x1536.jpeg 1152w, https:\/\/modellflug.edelweiss-goetzens.com\/wp-content\/uploads\/2022\/03\/IMG_8071-600x800.jpeg 600w\" sizes=\"auto, (max-width: 1200px) 100vw, 1200px\" \/><\/figure>\n\n\n\n<figure class=\"wp-block-image size-large\"><img loading=\"lazy\" decoding=\"async\" width=\"1600\" height=\"1200\" data-id=\"116\" src=\"http:\/\/modellflug.edelweiss-goetzens.com\/wp-content\/uploads\/2022\/03\/IMG_8072.jpeg\" alt=\"\" class=\"wp-image-116\" srcset=\"https:\/\/modellflug.edelweiss-goetzens.com\/wp-content\/uploads\/2022\/03\/IMG_8072.jpeg 1600w, https:\/\/modellflug.edelweiss-goetzens.com\/wp-content\/uploads\/2022\/03\/IMG_8072-300x225.jpeg 300w, https:\/\/modellflug.edelweiss-goetzens.com\/wp-content\/uploads\/2022\/03\/IMG_8072-1024x768.jpeg 1024w, https:\/\/modellflug.edelweiss-goetzens.com\/wp-content\/uploads\/2022\/03\/IMG_8072-768x576.jpeg 768w, https:\/\/modellflug.edelweiss-goetzens.com\/wp-content\/uploads\/2022\/03\/IMG_8072-1536x1152.jpeg 1536w, https:\/\/modellflug.edelweiss-goetzens.com\/wp-content\/uploads\/2022\/03\/IMG_8072-1320x990.jpeg 1320w, https:\/\/modellflug.edelweiss-goetzens.com\/wp-content\/uploads\/2022\/03\/IMG_8072-600x450.jpeg 600w\" sizes=\"auto, (max-width: 1600px) 100vw, 1600px\" \/><\/figure>\n\n\n\n<figure class=\"wp-block-image size-large\"><img loading=\"lazy\" decoding=\"async\" width=\"1600\" height=\"1200\" data-id=\"114\" src=\"http:\/\/modellflug.edelweiss-goetzens.com\/wp-content\/uploads\/2022\/03\/IMG_8074.jpeg\" alt=\"\" class=\"wp-image-114\" srcset=\"https:\/\/modellflug.edelweiss-goetzens.com\/wp-content\/uploads\/2022\/03\/IMG_8074.jpeg 1600w, https:\/\/modellflug.edelweiss-goetzens.com\/wp-content\/uploads\/2022\/03\/IMG_8074-300x225.jpeg 300w, https:\/\/modellflug.edelweiss-goetzens.com\/wp-content\/uploads\/2022\/03\/IMG_8074-1024x768.jpeg 1024w, https:\/\/modellflug.edelweiss-goetzens.com\/wp-content\/uploads\/2022\/03\/IMG_8074-768x576.jpeg 768w, https:\/\/modellflug.edelweiss-goetzens.com\/wp-content\/uploads\/2022\/03\/IMG_8074-1536x1152.jpeg 1536w, https:\/\/modellflug.edelweiss-goetzens.com\/wp-content\/uploads\/2022\/03\/IMG_8074-1320x990.jpeg 1320w, https:\/\/modellflug.edelweiss-goetzens.com\/wp-content\/uploads\/2022\/03\/IMG_8074-600x450.jpeg 600w\" sizes=\"auto, (max-width: 1600px) 100vw, 1600px\" \/><\/figure>\n<\/figure>\n","protected":false},"excerpt":{"rendered":"<p>Simprop Hotliner Brushless &#8211; breites Geschwindigkeitsspektrum fliegt von ganz langsam bis sehr schnell Top Motorisierung geht mit 3s senkrecht &#8211; mit hochgestellten Querrudern ganz einfach zu landen Servostecker Tragfl\u00e4che MPX vergossen siehe Bild. Ausstattung: Motor sehr starker Brushless Aussenl\u00e4ufer (von Staufenbiel Epsilon) Regler Brushless BEC Turnigy 40A Spinner Aeronaut Turbo Spinner (K\u00fchlung durch Spinner) Luftschraube &hellip; <a href=\"https:\/\/modellflug.edelweiss-goetzens.com\/?page_id=47\" class=\"more-link\">Continue reading <span class=\"screen-reader-text\">Simprop Selection 1,7m<\/span> <span class=\"meta-nav\">&rarr;<\/span><\/a><\/p>\n","protected":false},"author":1,"featured_media":0,"parent":0,"menu_order":0,"comment_status":"closed","ping_status":"closed","template":"","meta":{"footnotes":""},"class_list":["post-47","page","type-page","status-publish","hentry"],"jetpack_sharing_enabled":true,"_links":{"self":[{"href":"https:\/\/modellflug.edelweiss-goetzens.com\/index.php?rest_route=\/wp\/v2\/pages\/47","targetHints":{"allow":["GET"]}}],"collection":[{"href":"https:\/\/modellflug.edelweiss-goetzens.com\/index.php?rest_route=\/wp\/v2\/pages"}],"about":[{"href":"https:\/\/modellflug.edelweiss-goetzens.com\/index.php?rest_route=\/wp\/v2\/types\/page"}],"author":[{"embeddable":true,"href":"https:\/\/modellflug.edelweiss-goetzens.com\/index.php?rest_route=\/wp\/v2\/users\/1"}],"replies":[{"embeddable":true,"href":"https:\/\/modellflug.edelweiss-goetzens.com\/index.php?rest_route=%2Fwp%2Fv2%2Fcomments&post=47"}],"version-history":[{"count":2,"href":"https:\/\/modellflug.edelweiss-goetzens.com\/index.php?rest_route=\/wp\/v2\/pages\/47\/revisions"}],"predecessor-version":[{"id":131,"href":"https:\/\/modellflug.edelweiss-goetzens.com\/index.php?rest_route=\/wp\/v2\/pages\/47\/revisions\/131"}],"wp:attachment":[{"href":"https:\/\/modellflug.edelweiss-goetzens.com\/index.php?rest_route=%2Fwp%2Fv2%2Fmedia&parent=47"}],"curies":[{"name":"wp","href":"https:\/\/api.w.org\/{rel}","templated":true}]}}